{"id":6,"date":"2022-04-07T17:07:52","date_gmt":"2022-04-07T15:07:52","guid":{"rendered":"http:\/\/localhost\/wordpress%20\/?page_id=6"},"modified":"2022-05-15T16:40:35","modified_gmt":"2022-05-15T14:40:35","slug":"web-sneakers-accueil","status":"publish","type":"page","link":"https:\/\/www.websneakers.mailles.fr\/","title":{"rendered":"Accueil"},"content":{"rendered":"\n<div class=\"wp-block-cover alignfull\" style=\"min-height:700px;aspect-ratio:unset;\"><span aria-hidden=\"true\" class=\"has-nv-dark-bg-background-color has-background-dim-40 wp-block-cover__gradient-background has-background-dim\"><\/span><img loading=\"lazy\" decoding=\"async\" width=\"1155\" height=\"770\" class=\"wp-block-cover__image-background wp-image-49\" alt=\"Web-Sneakers-chausures-arri\u00e8re-plan\" src=\"https:\/\/www.websneakers.mailles.fr\/wp-content\/uploads\/2022\/04\/960A5705.webp\" style=\"object-position:55% 98%\" data-object-fit=\"cover\" data-object-position=\"55% 98%\" srcset=\"https:\/\/www.websneakers.mailles.fr\/wp-content\/uploads\/2022\/04\/960A5705.webp 1155w, https:\/\/www.websneakers.mailles.fr\/wp-content\/uploads\/2022\/04\/960A5705-300x200.webp 300w, https:\/\/www.websneakers.mailles.fr\/wp-content\/uploads\/2022\/04\/960A5705-1024x683.webp 1024w, https:\/\/www.websneakers.mailles.fr\/wp-content\/uploads\/2022\/04\/960A5705-768x512.webp 768w, https:\/\/www.websneakers.mailles.fr\/wp-content\/uploads\/2022\/04\/960A5705-930x620.webp 930w, https:\/\/www.websneakers.mailles.fr\/wp-content\/uploads\/2022\/04\/960A5705-600x400.webp 600w\" sizes=\"auto, (max-width: 1155px) 100vw, 1155px\" \/><div class=\"wp-block-cover__inner-container is-layout-flow wp-block-cover-is-layout-flow\">\n<div style=\"height:80px\" aria-hidden=\"true\" class=\"wp-block-spacer\"><\/div>\n\n\n\n<h2 class=\"has-text-align-center has-nv-site-bg-color has-text-color wp-block-heading\">Web Sneakers<\/h2>\n\n\n\n<div class=\"wp-block-buttons is-content-justification-center is-layout-flex wp-container-core-buttons-is-layout-16018d1d wp-block-buttons-is-layout-flex\">\n<div class=\"wp-block-button is-style-primary\"><a class=\"wp-block-button__link\" href=\".\/index.php\/blog\/\">Lire notre blog<\/a><\/div>\n\n\n\n<div class=\"wp-block-button is-style-secondary\"><a class=\"wp-block-button__link\" href=\".\/index.php\/boutique\/\">Voir la boutique<\/a><\/div>\n<\/div>\n\n\n\n<div style=\"height:80px\" aria-hidden=\"true\" class=\"wp-block-spacer\"><\/div>\n\n\n\n<div style=\"height:80px\" aria-hidden=\"true\" class=\"wp-block-spacer\"><\/div>\n<\/div><\/div>\n\n\n\n<div style=\"height:80px\" aria-hidden=\"true\" class=\"wp-block-spacer\"><\/div>\n\n\n\n<p class=\"has-text-align-center\">Web Sneakers est une jeune entreprise qui suit l&rsquo;air du temps en vendant des Sneakers sur le web et uniquement le web.<\/p>\n\n\n\n<div class=\"wp-block-columns is-layout-flex wp-container-core-columns-is-layout-9d6595d7 wp-block-columns-is-layout-flex\">\n<div class=\"wp-block-column is-layout-flow wp-block-column-is-layout-flow\">\n<div class=\"wp-block-image icon-style is-style-default\"><figure class=\"aligncenter size-large\"><img decoding=\"async\" src=\"\/wp-content\/themes\/neve\/assets\/img\/starter-content\/icon-03.svg\" alt=\"check\" title=\"Web Sneakers validate\"\/><\/figure><\/div>\n\n\n\n<h3 class=\"has-text-align-center has-neve-text-color-color has-text-color wp-block-heading\">De la qualit\u00e9<\/h3>\n\n\n\n<p class=\"has-text-align-center\">Une paire de chaussure de qualit\u00e9 est durable. En effet, ce qui est durable est bon march\u00e9, donc une paire de chaussures de qualit\u00e9 est bon march\u00e9.<\/p>\n\n\n\n<div style=\"height:20px\" aria-hidden=\"true\" class=\"wp-block-spacer\"><\/div>\n<\/div>\n\n\n\n<div class=\"wp-block-column is-layout-flow wp-block-column-is-layout-flow\">\n<div class=\"wp-block-image icon-style is-style-default\"><figure class=\"aligncenter size-large\"><img decoding=\"async\" src=\"\/wp-content\/themes\/neve\/assets\/img\/starter-content\/icon-02.svg\" alt=\"diamand\" title=\"Web Sneakers diamand\"\/><\/figure><\/div>\n\n\n\n<h3 class=\"has-text-align-center has-neve-text-color-color has-text-color wp-block-heading\">Un large choix<\/h3>\n\n\n\n<p class=\"has-text-align-center\">Impossible de ne pas trouver la paire de chaussure qui vous convient parfaitement. C&rsquo;est pourquoi nous vous offrons une large s\u00e9lection, afin que vous ayez l\u2019embarras du choix. <\/p>\n\n\n\n<div style=\"height:20px\" aria-hidden=\"true\" class=\"wp-block-spacer\"><\/div>\n<\/div>\n\n\n\n<div class=\"wp-block-column is-layout-flow wp-block-column-is-layout-flow\">\n<div class=\"wp-block-image icon-style is-style-rounded\"><figure class=\"aligncenter size-large\"><img decoding=\"async\" src=\"\/wp-content\/themes\/neve\/assets\/img\/starter-content\/icon-01.svg\" alt=\"\u00e9clair\" title=\"Web Sneakers \u00e9clair\"\/><\/figure><\/div>\n\n\n\n<h3 class=\"has-text-align-center has-neve-text-color-color has-text-color wp-block-heading\">Des d\u00e9lais rapides<\/h3>\n\n\n\n<p class=\"has-text-align-center\">Le d\u00e9lai de livraison est indiqu\u00e9 en fonction de la destination choisie. La livraison de vos marchandises demeure rapide et s\u00e9curis\u00e9e.<\/p>\n\n\n\n<div style=\"height:20px\" aria-hidden=\"true\" class=\"wp-block-spacer\"><\/div>\n<\/div>\n<\/div>\n\n\n\n<div style=\"height:80px\" aria-hidden=\"true\" class=\"wp-block-spacer\"><\/div>\n\n\n\n<div class=\"wp-block-cover alignfull\" style=\"min-height:600px;aspect-ratio:unset;\"><span aria-hidden=\"true\" class=\"has-nv-light-bg-background-color has-background-dim-100 wp-block-cover__gradient-background has-background-dim\"><\/span><div class=\"wp-block-cover__inner-container is-layout-flow wp-block-cover-is-layout-flow\">\n<div class=\"wp-block-group\"><div class=\"wp-block-group__inner-container is-layout-flow wp-block-group-is-layout-flow\">\n<div style=\"height:80px\" aria-hidden=\"true\" class=\"wp-block-spacer\"><\/div>\n\n\n\n<div class=\"wp-block-columns are-vertically-aligned-center is-layout-flex wp-container-core-columns-is-layout-9d6595d7 wp-block-columns-is-layout-flex\">\n<div class=\"wp-block-column is-vertically-aligned-center is-layout-flow wp-block-column-is-layout-flow\" style=\"flex-basis:50%\">\n<figure class=\"wp-block-image size-large is-style-default\"><img decoding=\"async\" src=\"\/wp-content\/uploads\/2022\/04\/aj1-rookie-of-the-year-where-to-buy-HOUSE-OF-HEAT-min-1024x684.jpeg\" alt=\"chaussure web sneakers marrons et blanches\" title=\"Web Sneakers chaussures en &quot;cuir&quot; de pomme\"\/><\/figure>\n<\/div>\n\n\n\n<div class=\"wp-block-column is-vertically-aligned-center is-layout-flow wp-block-column-is-layout-flow\" style=\"flex-basis:50%\">\n<div style=\"height:20px\" aria-hidden=\"true\" class=\"wp-block-spacer\"><\/div>\n\n\n\n<h2 class=\"has-text-align-left has-neve-text-color-color has-text-color wp-block-heading\">Le \u00abcuir\u00bb de pomme, nouvelle tendance v\u00e9gane<\/h2>\n\n\n\n<p class=\"has-text-align-left has-neve-text-color-color has-text-color\" style=\"font-size:17px\">Le cuir se r\u00e9invente et la mode devient plus responsable. Alors que les \u00abcuirs\u00bb de champignons, d\u2019ananas et de coco font parler d\u2019eux, un petit dernier entre en sc\u00e8ne chez certaines marques : le \u00abcuir\u00bb de pomme, tr\u00e8s utilis\u00e9 pour nos chaussures. En effet, c&rsquo;est un sous-produit de l\u2019industrie du jus de pomme, ce \u00abcuir\u00bb est fabriqu\u00e9 \u00e0 partir de la r\u00e9utilisation de noyaux et de peaux.<\/p>\n\n\n\n<div class=\"wp-block-buttons is-content-justification-left is-layout-flex wp-container-core-buttons-is-layout-fdcfc74e wp-block-buttons-is-layout-flex\">\n<div class=\"wp-block-button is-style-primary\"><a class=\"wp-block-button__link\" href=\".\/index.php\/2022\/04\/07\/cuir-pomme\/\">LIRE PLUS<\/a><\/div>\n<\/div>\n<\/div>\n<\/div>\n\n\n\n<div style=\"height:40px\" aria-hidden=\"true\" class=\"wp-block-spacer\"><\/div>\n<\/div><\/div>\n<\/div><\/div>\n\n\n\n<div class=\"wp-block-cover alignfull\" style=\"min-height:600px;aspect-ratio:unset;\"><span aria-hidden=\"true\" class=\"has-nv-site-bg-background-color has-background-dim-100 wp-block-cover__gradient-background has-background-dim\"><\/span><div class=\"wp-block-cover__inner-container is-layout-flow wp-block-cover-is-layout-flow\">\n<div style=\"height:80px\" aria-hidden=\"true\" class=\"wp-block-spacer\"><\/div>\n\n\n\n<h2 class=\"has-neve-text-color-color has-text-color wp-block-heading\">Nos Web Sneakers les plus vendues<\/h2>\n\n\n\n<div class=\"wp-block-group\"><div class=\"wp-block-group__inner-container is-layout-flow wp-block-group-is-layout-flow\"><div class=\"woocommerce columns-4 \"><ul class=\"products columns-4\">\n<li class=\"product type-product post-339 status-publish first instock product_cat-adidas product_tag-best-seller has-post-thumbnail shipping-taxable purchasable product-type-variable\">\n\t<div class=\"nv-card-content-wrapper\"><div class=\"nv-product-image \"><div class=\"img-wrap\"><\/div><\/div><\/div><\/li>\n<li class=\"product type-product post-278 status-publish instock product_cat-nike product_tag-best-seller has-post-thumbnail shipping-taxable purchasable product-type-variable\">\n\t<div class=\"nv-card-content-wrapper\"><div class=\"nv-product-image \"><div class=\"img-wrap\"><\/div><\/div><\/div><\/li>\n<li class=\"product type-product post-332 status-publish instock product_cat-nike product_tag-best-seller has-post-thumbnail shipping-taxable purchasable product-type-variable\">\n\t<div class=\"nv-card-content-wrapper\"><div class=\"nv-product-image \"><div class=\"img-wrap\"><\/div><\/div><\/div><\/li>\n<li class=\"product type-product post-310 status-publish last instock product_cat-reebok product_tag-best-seller has-post-thumbnail shipping-taxable purchasable product-type-variable\">\n\t<div class=\"nv-card-content-wrapper\"><div class=\"nv-product-image \"><div class=\"img-wrap\"><\/div><\/div><\/div><\/li>\n<\/ul>\n<\/div>\n\n\n\n<div class=\"wp-block-buttons is-layout-flex wp-block-buttons-is-layout-flex\">\n<div class=\"wp-block-button aligncenter is-style-primary\"><a class=\"wp-block-button__link\" href=\".\/index.php\/boutique\/\">Voir tous les produits<\/a><\/div>\n<\/div>\n<\/div><\/div>\n\n\n\n<div style=\"height:40px\" aria-hidden=\"true\" class=\"wp-block-spacer\"><\/div>\n<\/div><\/div>\n\n\n\n<div class=\"wp-block-cover alignfull\" style=\"min-height:600px;aspect-ratio:unset;\"><span aria-hidden=\"true\" class=\"has-nv-dark-bg-background-color has-background-dim-100 wp-block-cover__gradient-background has-background-dim\"><\/span><div class=\"wp-block-cover__inner-container is-layout-flow wp-block-cover-is-layout-flow\">\n<div class=\"wp-block-group\"><div class=\"wp-block-group__inner-container is-layout-flow wp-block-group-is-layout-flow\">\n<div style=\"height:80px\" aria-hidden=\"true\" class=\"wp-block-spacer\"><\/div>\n\n\n\n<div class=\"wp-block-columns are-vertically-aligned-center is-layout-flex wp-container-core-columns-is-layout-9d6595d7 wp-block-columns-is-layout-flex\">\n<div class=\"wp-block-column is-vertically-aligned-center is-layout-flow wp-block-column-is-layout-flow\" style=\"flex-basis:50%\">\n<figure class=\"wp-block-image size-large\"><img decoding=\"async\" src=\"\/wp-content\/uploads\/2022\/04\/solebox-sneakers-e1523206182923-1024x684.jpeg\" alt=\"Image de marque web sneakeres\" title=\"Web Sneakers valeurs\"\/><\/figure>\n<\/div>\n\n\n\n<div class=\"wp-block-column is-vertically-aligned-center is-layout-flow wp-block-column-is-layout-flow\" style=\"flex-basis:50%\">\n<div style=\"height:40px\" aria-hidden=\"true\" class=\"wp-block-spacer\"><\/div>\n\n\n\n<h2 class=\"has-text-align-left has-nv-text-dark-bg-color has-text-color wp-block-heading\">Web Sneakers, image de marque<\/h2>\n\n\n\n<p class=\"has-text-align-left has-nv-text-dark-bg-color has-text-color\" style=\"font-size:17px\">Lorem ipsum dolor sit amet, consectetur adipiscing elit. Ut elit tellus, luctus nec ullamcorper mattis, pulvinar dapibus leo.<\/p>\n\n\n\n<div class=\"wp-block-buttons is-content-justification-left is-layout-flex wp-container-core-buttons-is-layout-fdcfc74e wp-block-buttons-is-layout-flex\">\n<div class=\"wp-block-button is-style-primary\"><a class=\"wp-block-button__link\" href=\"https:\/\/www.websneakers.mailles.fr\/index.php\/a-propos\/\">D\u00e9couvrir l&rsquo;entreprise<\/a><\/div>\n<\/div>\n<\/div>\n<\/div>\n\n\n\n<div style=\"height:40px\" aria-hidden=\"true\" class=\"wp-block-spacer\"><\/div>\n<\/div><\/div>\n<\/div><\/div>\n\n\n\n<div style=\"height:40px\" aria-hidden=\"true\" class=\"wp-block-spacer\"><\/div>\n\n\n\n<div class=\"wp-block-cover alignfull\" style=\"min-height:600px;aspect-ratio:unset;\"><span aria-hidden=\"true\" class=\"has-nv-site-bg-background-color has-background-dim-100 wp-block-cover__gradient-background has-background-dim\"><\/span><div class=\"wp-block-cover__inner-container is-layout-flow wp-block-cover-is-layout-flow\">\n<div class=\"wp-block-group\"><div class=\"wp-block-group__inner-container is-layout-flow wp-block-group-is-layout-flow\">\n<div style=\"height:80px\" aria-hidden=\"true\" class=\"wp-block-spacer\"><\/div>\n\n\n\n<h2 class=\"has-neve-text-color-color has-text-color wp-block-heading\">Travail en vedette de Web Sneakers<\/h2>\n\n\n\n<div style=\"height:20px\" aria-hidden=\"true\" class=\"wp-block-spacer\"><\/div>\n\n\n\n<div class=\"wp-block-columns are-vertically-aligned-center is-layout-flex wp-container-core-columns-is-layout-9d6595d7 wp-block-columns-is-layout-flex\">\n<div class=\"wp-block-column is-vertically-aligned-center is-layout-flow wp-block-column-is-layout-flow\" style=\"flex-basis:50%\">\n<figure class=\"wp-block-image size-large\"><img decoding=\"async\" src=\"\/wp-content\/uploads\/2022\/04\/fachry-zella-devandra-bNSdIkCBJOs-unsplash-2-edited-scaled.jpg\" alt=\"travail vedette 1\" title=\"Web Sneakers Projet Bernard\"\/><\/figure>\n\n\n\n<div style=\"height:40px\" aria-hidden=\"true\" class=\"wp-block-spacer\"><\/div>\n<\/div>\n\n\n\n<div class=\"wp-block-column is-vertically-aligned-center is-layout-flow wp-block-column-is-layout-flow\" style=\"flex-basis:50%\">\n<figure class=\"wp-block-image size-large\"><img decoding=\"async\" src=\"\/wp-content\/uploads\/2022\/04\/hermes-rivera-OX_en7CXMj4-unsplash-edited-scaled.jpg\" alt=\"travail vedette 2\" title=\"Web Sneakers Projet J\u00e9r\u00f4me\"\/><\/figure>\n\n\n\n<div style=\"height:40px\" aria-hidden=\"true\" class=\"wp-block-spacer\"><\/div>\n<\/div>\n<\/div>\n\n\n\n<div style=\"height:40px\" aria-hidden=\"true\" class=\"wp-block-spacer\"><\/div>\n<\/div><\/div>\n<\/div><\/div>\n\n\n\n<div class=\"wp-block-cover alignfull\" style=\"min-height:420px;aspect-ratio:unset;\"><span aria-hidden=\"true\" class=\"has-nv-light-bg-background-color has-background-dim-100 wp-block-cover__gradient-background has-background-dim\"><\/span><div class=\"wp-block-cover__inner-container is-layout-flow wp-block-cover-is-layout-flow\">\n<div style=\"height:80px\" aria-hidden=\"true\" class=\"wp-block-spacer\"><\/div>\n\n\n\n<h2 class=\"has-neve-link-color-color has-text-color wp-block-heading\">Nos clients parlent de Web Sneakers<\/h2>\n\n\n\n<div class=\"wp-block-columns is-layout-flex wp-container-core-columns-is-layout-9d6595d7 wp-block-columns-is-layout-flex\">\n<div class=\"wp-block-column is-layout-flow wp-block-column-is-layout-flow\">\n<figure class=\"wp-block-image size-large is-resized is-style-rounded\"><img loading=\"lazy\" decoding=\"async\" src=\"\/wp-content\/themes\/neve\/assets\/img\/starter-content\/team-03.jpg\" alt=\"JANET MORRIS\" width=\"100\" height=\"100\" title=\"Web Sneaker client Janet Morris\"\/><\/figure>\n\n\n\n<p class=\"has-text-align-left has-neve-text-color-color has-text-color has-normal-font-size\">\u201c\u00c0 quoi bon \u00eatre en vie si on n&rsquo;essaie pas au moins de faire quelque chose de remarquable ?\u201d<\/p>\n\n\n\n<p class=\"has-neve-text-color-color has-text-color\">JANET MORRIS<\/p>\n\n\n\n<div style=\"height:20px\" aria-hidden=\"true\" class=\"wp-block-spacer\"><\/div>\n<\/div>\n\n\n\n<div class=\"wp-block-column is-layout-flow wp-block-column-is-layout-flow\">\n<figure class=\"wp-block-image size-large is-resized is-style-rounded\"><img loading=\"lazy\" decoding=\"async\" src=\"\/wp-content\/themes\/neve\/assets\/img\/starter-content\/team-01.jpg\" alt=\"WILLIE BROWN\" width=\"100\" height=\"100\" title=\"Web Sneakers client Willlie Brown\"\/><\/figure>\n\n\n\n<p class=\"has-text-align-left has-neve-text-color-color has-text-color has-normal-font-size\">\u201c\u00c0 quoi bon \u00eatre en vie si on n&rsquo;essaie pas au moins de faire quelque chose de remarquable ?\u201d<\/p>\n\n\n\n<p class=\"has-neve-text-color-color has-text-color\">WILLIE BROWN<\/p>\n\n\n\n<div style=\"height:20px\" aria-hidden=\"true\" class=\"wp-block-spacer\"><\/div>\n<\/div>\n\n\n\n<div class=\"wp-block-column is-layout-flow wp-block-column-is-layout-flow\">\n<figure class=\"wp-block-image size-large is-resized is-style-rounded\"><img loading=\"lazy\" decoding=\"async\" src=\"\/wp-content\/themes\/neve\/assets\/img\/starter-content\/team-02.jpg\" alt=\"SEAN FISHER\" width=\"100\" height=\"100\" title=\"Web Sneakers clent Sean Fisher\"\/><\/figure>\n\n\n\n<p class=\"has-text-align-left has-neve-text-color-color has-text-color has-normal-font-size\">\u201c\u00c0 quoi bon \u00eatre en vie si on n&rsquo;essaie pas au moins de faire quelque chose de remarquable ?\u201d<\/p>\n\n\n\n<p class=\"has-neve-text-color-color has-text-color\">SEAN FISHER<\/p>\n\n\n\n<div style=\"height:20px\" aria-hidden=\"true\" class=\"wp-block-spacer\"><\/div>\n<\/div>\n<\/div>\n\n\n\n<div style=\"height:30px\" aria-hidden=\"true\" class=\"wp-block-spacer\"><\/div>\n<\/div><\/div>\n\n\n\n<div class=\"wp-block-cover alignfull\" style=\"min-height:300px;aspect-ratio:unset;\"><span aria-hidden=\"true\" class=\"has-nv-dark-bg-background-color has-background-dim-100 wp-block-cover__gradient-background has-background-dim\"><\/span><div class=\"wp-block-cover__inner-container is-layout-flow wp-block-cover-is-layout-flow\">\n<div style=\"height:140px\" aria-hidden=\"true\" class=\"wp-block-spacer\"><\/div>\n\n\n\n<h2 class=\"has-text-align-center has-nv-text-dark-bg-color has-text-color wp-block-heading\">Travaillons ensemble sur <\/h2>\n\n\n\n<h2 class=\"has-text-align-center has-nv-text-dark-bg-color has-text-color wp-block-heading\">votre prochain projet web<\/h2>\n\n\n\n<p class=\"has-text-align-center has-medium-font-size\">Nous sommes ouverts \u00e0 travailler avec de potentielles nouvelles marques connues ou non, nous vous proposons d&rsquo;en discuter ensemble afin de mettre vos produits en avant sur note<\/p>\n\n\n\n<div class=\"wp-block-buttons is-content-justification-center is-layout-flex wp-container-core-buttons-is-layout-16018d1d wp-block-buttons-is-layout-flex\">\n<div class=\"wp-block-button is-style-primary\"><a class=\"wp-block-button__link\" href=\".\/index.php\/contact\/\">CONTACTEZ NOUS<\/a><\/div>\n<\/div>\n\n\n\n<div style=\"height:140px\" aria-hidden=\"true\" class=\"wp-block-spacer\"><\/div>\n<\/div><\/div>\n","protected":false},"excerpt":{"rendered":"<p>Web Sneakers est une jeune entreprise qui suit l&rsquo;air du temps en vendant des Sneakers sur le web et uniquement le web. De la qualit\u00e9 Une paire de chaussure de qualit\u00e9 est durable. En effet, ce qui est durable est bon march\u00e9, donc une paire de chaussures de qualit\u00e9 est bon march\u00e9. Un large choix&hellip;&nbsp;<a href=\"https:\/\/www.websneakers.mailles.fr\/\" class=\"\" rel=\"bookmark\">Lire la suite &raquo;<span class=\"screen-reader-text\">Accueil<\/span><\/a><\/p>\n","protected":false},"author":1,"featured_media":0,"parent":0,"menu_order":0,"comment_status":"closed","ping_status":"closed","template":"","meta":{"neve_meta_sidebar":"","neve_meta_container":"","neve_meta_enable_content_width":"on","neve_meta_content_width":100,"neve_meta_title_alignment":"","neve_meta_author_avatar":"","neve_post_elements_order":"","neve_meta_disable_header":"","neve_meta_disable_footer":"","neve_meta_disable_title":"on","footnotes":""},"class_list":["post-6","page","type-page","status-publish","hentry"],"yoast_head":"<!-- This site is optimized with the Yoast SEO plugin v18.6 - https:\/\/yoast.com\/wordpress\/plugins\/seo\/ -->\n<title>Accueil - Web Sneakers<\/title>\n<meta name=\"description\" content=\"Web Sneakers forever Web Sneakers - Une paire de chaussure de qualit\u00e9 durable pour tout les \u00e2ges et tous les genres.\" \/>\n<meta name=\"robots\" content=\"index, follow, max-snippet:-1, max-image-preview:large, max-video-preview:-1\" \/>\n<link rel=\"canonical\" href=\"https:\/\/www.websneakers.mailles.fr\/\" \/>\n<meta property=\"og:locale\" content=\"fr_FR\" \/>\n<meta property=\"og:type\" content=\"article\" \/>\n<meta property=\"og:title\" content=\"Accueil - Web Sneakers\" \/>\n<meta property=\"og:description\" content=\"Web Sneakers forever Web Sneakers - Une paire de chaussure de qualit\u00e9 durable pour tout les \u00e2ges et tous les genres.\" \/>\n<meta property=\"og:url\" content=\"https:\/\/www.websneakers.mailles.fr\/\" \/>\n<meta property=\"og:site_name\" content=\"Web Sneakers\" \/>\n<meta property=\"article:modified_time\" content=\"2022-05-15T14:40:35+00:00\" \/>\n<meta property=\"og:image\" content=\"https:\/\/www.websneakers.mailles.fr\/wp-content\/uploads\/2022\/04\/960A5705.webp\" \/>\n<meta name=\"twitter:card\" content=\"summary_large_image\" \/>\n<meta name=\"twitter:label1\" content=\"Dur\u00e9e de lecture estim\u00e9e\" \/>\n\t<meta name=\"twitter:data1\" content=\"4 minutes\" \/>\n<script type=\"application\/ld+json\" class=\"yoast-schema-graph\">{\"@context\":\"https:\/\/schema.org\",\"@graph\":[{\"@type\":\"WebSite\",\"@id\":\"https:\/\/www.websneakers.mailles.fr\/#website\",\"url\":\"https:\/\/www.websneakers.mailles.fr\/\",\"name\":\"Web Sneakers\",\"description\":\"Web Sneakers forever\",\"potentialAction\":[{\"@type\":\"SearchAction\",\"target\":{\"@type\":\"EntryPoint\",\"urlTemplate\":\"https:\/\/www.websneakers.mailles.fr\/?s={search_term_string}\"},\"query-input\":\"required name=search_term_string\"}],\"inLanguage\":\"fr-FR\"},{\"@type\":\"ImageObject\",\"@id\":\"https:\/\/www.websneakers.mailles.fr\/#primaryimage\",\"inLanguage\":\"fr-FR\",\"url\":\"https:\/\/www.websneakers.mailles.fr\/wp-content\/uploads\/2022\/04\/960A5705.webp\",\"contentUrl\":\"https:\/\/www.websneakers.mailles.fr\/wp-content\/uploads\/2022\/04\/960A5705.webp\",\"width\":1155,\"height\":770,\"caption\":\"Web-Sneakers-chausures-arri\u00e8re-plan\"},{\"@type\":\"WebPage\",\"@id\":\"https:\/\/www.websneakers.mailles.fr\/#webpage\",\"url\":\"https:\/\/www.websneakers.mailles.fr\/\",\"name\":\"Accueil - Web Sneakers\",\"isPartOf\":{\"@id\":\"https:\/\/www.websneakers.mailles.fr\/#website\"},\"primaryImageOfPage\":{\"@id\":\"https:\/\/www.websneakers.mailles.fr\/#primaryimage\"},\"datePublished\":\"2022-04-07T15:07:52+00:00\",\"dateModified\":\"2022-05-15T14:40:35+00:00\",\"description\":\"Web Sneakers forever Web Sneakers - Une paire de chaussure de qualit\u00e9 durable pour tout les \u00e2ges et tous les genres.\",\"breadcrumb\":{\"@id\":\"https:\/\/www.websneakers.mailles.fr\/#breadcrumb\"},\"inLanguage\":\"fr-FR\",\"potentialAction\":[{\"@type\":\"ReadAction\",\"target\":[\"https:\/\/www.websneakers.mailles.fr\/\"]}]},{\"@type\":\"BreadcrumbList\",\"@id\":\"https:\/\/www.websneakers.mailles.fr\/#breadcrumb\",\"itemListElement\":[{\"@type\":\"ListItem\",\"position\":1,\"name\":\"Accueil\",\"item\":\"https:\/\/www.websneakers.mailles.fr\/\"},{\"@type\":\"ListItem\",\"position\":2,\"name\":\"Accueil\"}]}]}<\/script>\n<!-- \/ Yoast SEO plugin. -->","yoast_head_json":{"title":"Accueil - Web Sneakers","description":"Web Sneakers forever Web Sneakers - Une paire de chaussure de qualit\u00e9 durable pour tout les \u00e2ges et tous les genres.","robots":{"index":"index","follow":"follow","max-snippet":"max-snippet:-1","max-image-preview":"max-image-preview:large","max-video-preview":"max-video-preview:-1"},"canonical":"https:\/\/www.websneakers.mailles.fr\/","og_locale":"fr_FR","og_type":"article","og_title":"Accueil - Web Sneakers","og_description":"Web Sneakers forever Web Sneakers - Une paire de chaussure de qualit\u00e9 durable pour tout les \u00e2ges et tous les genres.","og_url":"https:\/\/www.websneakers.mailles.fr\/","og_site_name":"Web Sneakers","article_modified_time":"2022-05-15T14:40:35+00:00","og_image":[{"url":"https:\/\/www.websneakers.mailles.fr\/wp-content\/uploads\/2022\/04\/960A5705.webp"}],"twitter_card":"summary_large_image","twitter_misc":{"Dur\u00e9e de lecture estim\u00e9e":"4 minutes"},"schema":{"@context":"https:\/\/schema.org","@graph":[{"@type":"WebSite","@id":"https:\/\/www.websneakers.mailles.fr\/#website","url":"https:\/\/www.websneakers.mailles.fr\/","name":"Web Sneakers","description":"Web Sneakers forever","potentialAction":[{"@type":"SearchAction","target":{"@type":"EntryPoint","urlTemplate":"https:\/\/www.websneakers.mailles.fr\/?s={search_term_string}"},"query-input":"required name=search_term_string"}],"inLanguage":"fr-FR"},{"@type":"ImageObject","@id":"https:\/\/www.websneakers.mailles.fr\/#primaryimage","inLanguage":"fr-FR","url":"https:\/\/www.websneakers.mailles.fr\/wp-content\/uploads\/2022\/04\/960A5705.webp","contentUrl":"https:\/\/www.websneakers.mailles.fr\/wp-content\/uploads\/2022\/04\/960A5705.webp","width":1155,"height":770,"caption":"Web-Sneakers-chausures-arri\u00e8re-plan"},{"@type":"WebPage","@id":"https:\/\/www.websneakers.mailles.fr\/#webpage","url":"https:\/\/www.websneakers.mailles.fr\/","name":"Accueil - Web Sneakers","isPartOf":{"@id":"https:\/\/www.websneakers.mailles.fr\/#website"},"primaryImageOfPage":{"@id":"https:\/\/www.websneakers.mailles.fr\/#primaryimage"},"datePublished":"2022-04-07T15:07:52+00:00","dateModified":"2022-05-15T14:40:35+00:00","description":"Web Sneakers forever Web Sneakers - Une paire de chaussure de qualit\u00e9 durable pour tout les \u00e2ges et tous les genres.","breadcrumb":{"@id":"https:\/\/www.websneakers.mailles.fr\/#breadcrumb"},"inLanguage":"fr-FR","potentialAction":[{"@type":"ReadAction","target":["https:\/\/www.websneakers.mailles.fr\/"]}]},{"@type":"BreadcrumbList","@id":"https:\/\/www.websneakers.mailles.fr\/#breadcrumb","itemListElement":[{"@type":"ListItem","position":1,"name":"Accueil","item":"https:\/\/www.websneakers.mailles.fr\/"},{"@type":"ListItem","position":2,"name":"Accueil"}]}]}},"_links":{"self":[{"href":"https:\/\/www.websneakers.mailles.fr\/index.php\/wp-json\/wp\/v2\/pages\/6","targetHints":{"allow":["GET"]}}],"collection":[{"href":"https:\/\/www.websneakers.mailles.fr\/index.php\/wp-json\/wp\/v2\/pages"}],"about":[{"href":"https:\/\/www.websneakers.mailles.fr\/index.php\/wp-json\/wp\/v2\/types\/page"}],"author":[{"embeddable":true,"href":"https:\/\/www.websneakers.mailles.fr\/index.php\/wp-json\/wp\/v2\/users\/1"}],"replies":[{"embeddable":true,"href":"https:\/\/www.websneakers.mailles.fr\/index.php\/wp-json\/wp\/v2\/comments?post=6"}],"version-history":[{"count":50,"href":"https:\/\/www.websneakers.mailles.fr\/index.php\/wp-json\/wp\/v2\/pages\/6\/revisions"}],"predecessor-version":[{"id":1426,"href":"https:\/\/www.websneakers.mailles.fr\/index.php\/wp-json\/wp\/v2\/pages\/6\/revisions\/1426"}],"wp:attachment":[{"href":"https:\/\/www.websneakers.mailles.fr\/index.php\/wp-json\/wp\/v2\/media?parent=6"}],"curies":[{"name":"wp","href":"https:\/\/api.w.org\/{rel}","templated":true}]}}